= 3 - -1. Suppose -g = -5*y + 60, v*y + 2*g = -3*g + 77. What is the units digit of y?
3
Let m be 1/1 + 64*1. Suppose 0 = h + 4*h - m. What is the tens digit of h?
1
Suppose -4*d + 5*d = 7. Suppose 12 = b - 5*s, -2*b - 60 = -d*b + 4*s. What is the tens digit of b?
1
Let j(y) = -3*y + 1. Let l(g) = g - 10. Let m be l(5). What is the units digit of j(m)?
6
Suppose -4*k + 0*k = 2*l - 238, -5*l = -3*k + 146. What is the units digit of k?
7
Suppose 4*g - h = -5*h - 12, -4*h - 12 = 5*g. Suppose f - 12 = -3*y, 5*y - 2*f + f - 12 = 0. Suppose w - y = -g*w. What is the units digit of w?
3
Let c be 5 + -3 + (-7 - -1). Let u = -7 - c. Let g = u + 4. What is the units digit of g?
1
Let v(a) = -3*a**2 - 10*a - 8. Let b be v(-6). Let u be 4/(-6) - b/12. Let n(q) = -q**2 + 6*q - 2. What is the units digit of n(u)?
6
What is the units digit of -12*(-1 + -1)/4?
6
What is the units digit of (-3002)/(-9) + (-100)/(-225)?
4
Suppose 2*i + 3*r = -25, 57 = -3*i - i + r. Let u = i - -24. What is the units digit of u?
0
Suppose 30*n - 33*n = -819. What is the tens digit of n?
7
Let l be (4/10)/((-3)/(-30)). Suppose 3*c - 13 = -l. Suppose -5 = -2*q + 4*b + b, -c*b + 18 = 3*q. What is the units digit of q?
5
Let w(v) = -v**2. Let n be w(0). Suppose 2*l = -n*l. Suppose g + 2*g - 12 = l. What is the units digit of g?
4
Let b = 75 + -40. What is the tens digit of b?
3
Let z = 29 - 4. Suppose 5*f - z = -c - 2, 0 = 3*f - 12. What is the units digit of c?
3
Let b be -1 - (0/(-3) + -5). Suppose 0 = 4*c + 3*j - j - 544, b*c - 5*j = 572. What is the units digit of c/12 + 1/2?
2
Suppose 0*v + 3 = c - 4*v, -4*v + 6 = 2*c. What is the units digit of 7/c - 2/6?
2
Let v = -344 + 84. What is the units digit of (-4)/(-6) + v/(-6)?
4
Let a = 50 + -28. What is the tens digit of a?
2
Let l = 78 - 12. What is the tens digit of l?
6
What is the units digit of (-66)/(-14) + 8/28?
5
Let u(s) = 3*s**3 - 1. Let g be u(1). Suppose g*w - 2 = -3*m, -5*m + 0*m + 12 = -w. What is the units digit of m?
2
Suppose -3*m - m = -8. Suppose 38 = 3*b + 5*p, m*p + 8 = b - p. Suppose 20 = 4*j - 4*y, 2*j + y = 2*y + b. What is the units digit of j?
6
Let z = -5 - -7. Suppose -z*f + 6 = 2. What is the units digit of f?
2
Let w(s) = 2*s**3 - s**2 - 5*s + 2. What is the tens digit of w(3)?
3
Suppose 4*a - 46 = -3*u, 5*u - 5*a - 38 = -2*a. What is the tens digit of u?
1
Suppose 0 = -0*k + 2*k - 10, -2*x + 3*k - 13 = 0. Let i be (-15)/(-6) + x/(-2). Let m = i + 1. What is the units digit of m?
3
Let i be (-6)/9*3 + 5. Suppose -38 = i*o - 152. What is the tens digit of o?
3
Suppose 2*j = 6*j - 2*h - 350, 275 = 3*j - 4*h. What is the tens digit of j?
8
Let w be 4/(-10) + 136/(-10). Let q = -4 - w. Suppose 3*r = -q + 43. What is the tens digit of r?
1
Suppose 9*h - 8*h + 16 = 0. Let d = 22 - h. What is the units digit of d?
8
Let q be ((-10)/15)/((-4)/(-42)). Let d = q - -8. What is the units digit of d?
1
Let b(u) = u**3 - 13*u**2 + 4*u + 14. What is the units digit of b(13)?
6
Suppose -54 = -3*z - 5*n + 81, -5*z = 4*n - 225. What is the tens digit of z?
4
Let v(h) = 7*h - 4. Suppose 5 + 7 = 4*n. What is the units digit of v(n)?
7
Let q(r) = 15*r + 56. What is the tens digit of q(8)?
7
Let f = -40 + 57. What is the tens digit of f?
1
Let y = 6 - 3. Let g(a) = -a**3 + 5*a**2 + 5*a - 6. Let t be g(4). Suppose -y*p - 3*b = -t, 3 = -b + 2*b. What is the units digit of p?
7
Suppose 0*k + 3*k - 4*p = 35, 3*p = -k + 16. What is the tens digit of k?
1
Suppose 0 = -2*c + q - 23, -1 = -q + 2. What is the units digit of c/(2 + 5/(-2))?
0
What is the units digit of 13 + 1 + 3 + -1?
6
Suppose 13 - 7 = -2*q, 5*z = -5*q + 365. What is the units digit of z?
6
Let g(l) be the second derivative of -2*l**3 - l**2/2 + 2*l. Let r be g(-3). Suppose -25 = -5*x - q + 14, 5*x + 5*q - r = 0. What is the units digit of x?
8
Let h = 8 + 265. What is the tens digit of h?
7
Let j = -7 + 7. Suppose j = -2*s + 4*s - 6. What is the units digit of s?
3
Suppose h = -3*t + 2 - 5, 12 = -2*t - 4*h. Suppose t = k - 4*k - 36. What is the units digit of (-20)/6*k/5?
8
Let t(g) = -g**2 - 8*g - 8. Let l be t(-6). Let w = 0 + l. What is the units digit of w?
4
Let m = 30 + 9. What is the tens digit of m?
3
What is the hundreds digit of (-1)/1 + (1 - -119)?
1
Suppose -u + 21 + 7 = 2*i, -4*u - 44 = -5*i. Let g be 15/6 + (-1)/(-2). Suppose -7*a = -g*a - i. What is the units digit of a?
3
Let y = 75 - 60. What is the units digit of y?
5
Let v = 1 + 2. Let d = 3 - v. Suppose d = -3*u - 4*f - 5, u - f = -3*f - 5. What is the units digit of u?
5
Suppose -7 = g - 8. What is the tens digit of (-34)/4*g*-4?
3
Let x = 1 - 3. Let o = -4 - x. What is the units digit of o*(0 + (-2)/2)?
2
Suppose 0 = -4*d + 4*c + 52, 0 = -5*d + 2*d - 2*c + 49. What is the tens digit of d?
1
Let g(h) = -h**3 - 6*h**2 + 6*h - 8. Let s be g(-7). Let v be 7 + -4 + (1 - s). Suppose 111 = 5*n - 4*z, -2*z + 25 = 2*n - v. What is the units digit of n?
9
Let f = -3 - -7. Suppose -f*b + 15 = -61. What is the tens digit of b?
1
Let o = 9 - 39. What is the units digit of (-154)/(-10) + 12/o?
5
Let g = 14 + -16. Let k be -2 + 2/2 + 3. Let v = k - g. What is the units digit of v?
4
Let g(w) = -w**2 - 3*w + 3. Let y be g(-3). Suppose -s - 18 = -y*s. What is the units digit of s?
9
Let a = -140 + 189. What is the units digit of a?
9
Let m be 1/((-1)/6*2). What is the units digit of (-1 - m)*4/2?
4
Let i = 12 - 53. Let d = -25 - i. What is the units digit of d?
6
What is the tens digit of (-2 + -2 + 1)*35/(-3)?
3
Suppose -2*q + 16 = 2*q. Suppose -11 + 3 = -2*y + q*r, 4*r + 8 = y. Let f = y - -5. What is the units digit of f?
5
Let d(h) = h + 20. Let o(k) = -5*k - 101. Let y(w) = 11*d(w) + 2*o(w). What is the tens digit of y(0)?
1
Suppose -3*k - 3*p - 477 = -8*k, -4*p = 2*k - 170. Suppose 3*b - k = 4*r + r, 21 = b - 5*r. What is the tens digit of b?
3
Let k(y) = -y**2 + 7. Let b be k(0). Suppose -x - 5*n + 1 = 0, -3*x - 3*n = 2*n + 7. Let j = b + x. What is the units digit of j?
3
Let k(j) = 3*j**2 - 5*j + 2. What is the tens digit of k(3)?
1
Let n = -26 - -33. What is the units digit of n?
7
Suppose -5*u = -10*u + 10. Let h be (-21)/3 + u + 3. Let r = 7 + h. What is the units digit of r?
5
Let w(a) = -2*a - 1. Let u be 3/(-2)*2/3. Let b be w(u). What is the units digit of 7 - b*0/1?
7
Suppose 2*l = -4*j + 100, -l + 2*j = -5*l + 218. Suppose -3*n = n - l. What is the tens digit of n?
1
Let a(o) be the third derivative of 3*o**4/8 - o**3/6 + o**2. What is the units digit of a(1)?
8
Let t(j) = -9*j + 9. What is the tens digit of t(-15)?
4
Suppose 0 = c - 1 - 1. What is the tens digit of 2 + (-1 + c - -23)?
2
Let z be ((-5)/(-15))/((-1)/(-3)). Let f be 27*(z + (-1)/3). Suppose -f = -3*o + t, t - 23 - 7 = -5*o. What is the units digit of o?
6
Let f(c) = c**3 + 7*c**2 - 8*c + 2. Let o be 2/(-3 - (-33)/12). What is the units digit of f(o)?
2
Suppose -p + 5*s = 4*p + 120, -2*p = -s + 47. Suppose 4*g = -295 + 119. Let n = p - g. What is the tens digit of n?
2
Suppose -h + 648 = 3*h. What is the tens digit of h/12 - 2/4?
1
Suppose 24*x - 23*x - 395 = 0. What is the tens digit of x?
9
Let z(u) = -u**2 + 14*u - 9. Let j(l) = l - 1. Let a(v) = 6*j(v) - z(v). What is the units digit of a(8)?
3
Let k be 4/6 + (-412)/(-12). Suppose 0 = 5*s - k - 20. What is the units digit of s?
1
Let w = 78 + -27. What is the units digit of w?
1
Suppose -51*s - 275 = -52*s. What is the units digit of s?
5
Let i(z) = z**3 - 16*z**2 + 14*z + 20. Let w be i(15). Suppose w - 13 = -x. What is the units digit of x?
8
Suppose 2*s + 37 = 3*d, 3*s - 3*d - 65 = 7*s. Let p = s - -56. What is the units digit of p?
9
Suppose 0 = w + 2*x + 29 + 17, -5*w - x - 194 = 0. Let o = w - -65. What is the tens digit of o?
2
Let w = -56 + 98. What is the tens digit of w?
4
Suppose 0 = -k - 2*f - 30, 0 = -5*f - 8 - 17. Let a = -14 - k. Suppose 2*o - 15 = -4*w - 1, 0 = 3*w - 3*o - a. What is the units digit of w?
3
Suppose -2*c - 5*r = -6*c + 9, -2*r + 6 = 0. Suppose 197 = 5*l + 2*m + 2*m, -3*m - c = 0. What is the tens digit of l?
4
What is the units digit of -1 + 19 - (-1 + 0)?
9
Let h(b) = b**2 + b. Let y be h(-2). Suppose -y - 12 = -2*r. Suppose r = i + 1. What is the units digit of i?
6
Suppose 2*p + 10 = 3*p. Let v = p + -3. Suppose 2*h = v - 1. What is 